{"id":767,"date":"2018-10-18T12:31:41","date_gmt":"2018-10-18T12:31:41","guid":{"rendered":"https:\/\/hub.ctr-l.com\/?page_id=767"},"modified":"2021-02-25T16:17:44","modified_gmt":"2021-02-25T16:17:44","slug":"buy-sell-rent","status":"publish","type":"page","link":"https:\/\/hub.ctr-l.com\/?page_id=767","title":{"rendered":"Buy, Sell, Rent"},"content":{"rendered":"\t\t<div data-elementor-type=\"wp-page\" data-elementor-id=\"767\" class=\"elementor elementor-767\">\n\t\t\t\t\t\t<section class=\"elementor-section elementor-top-section elementor-element elementor-element-5e783be elementor-section-boxed elementor-section-height-default elementor-section-height-default\" data-id=\"5e783be\" data-element_type=\"section\" data-e-type=\"section\" data-settings=\"{&quot;background_background&quot;:&quot;classic&quot;}\">\n\t\t\t\t\t\t\t<div class=\"elementor-background-overlay\"><\/div>\n\t\t\t\t\t\t\t<div class=\"elementor-container elementor-column-gap-default\">\n\t\t\t\t\t<div class=\"elementor-column elementor-col-100 elementor-top-column elementor-element elementor-element-bf5924a\" data-id=\"bf5924a\" data-element_type=\"column\" data-e-type=\"column\">\n\t\t\t<div class=\"elementor-widget-wrap elementor-element-populated\">\n\t\t\t\t\t\t<div class=\"elementor-element elementor-element-b74b4b2 elementor-widget elementor-widget-rt-title-animated\" data-id=\"b74b4b2\" data-element_type=\"widget\" data-e-type=\"widget\" data-widget_type=\"rt-title-animated.default\">\n\t\t\t\t<div class=\"elementor-widget-container\">\n\t\t\t\t\t<div class=\"rt-el-title-animated\">\n\t<h1 class=\"rtin-title\"><span class=\"title-typejs\" data-options=\"{&quot;strings&quot;:[&quot;Buy, Sell, Rent &amp; Exchange in one Click&quot;],&quot;typeSpeed&quot;:80,&quot;loop&quot;:true,&quot;showCursor&quot;:false,&quot;contentType&quot;:null}\"><\/span>&nbsp;<\/h1>\n\t\t\t<p class=\"rtin-subtitle\">Search from over 2000+ Active Ads in 29+ Categories for Free<\/p>\n\t<\/div>\t\t\t\t<\/div>\n\t\t\t\t<\/div>\n\t\t\t\t\t<\/div>\n\t\t<\/div>\n\t\t\t\t\t<\/div>\n\t\t<\/section>\n\t\t\t\t<section class=\"elementor-section elementor-top-section elementor-element elementor-element-bf72bcc elementor-section-boxed elementor-section-height-default elementor-section-height-default\" data-id=\"bf72bcc\" data-element_type=\"section\" data-e-type=\"section\">\n\t\t\t\t\t\t<div class=\"elementor-container elementor-column-gap-default\">\n\t\t\t\t\t<div class=\"elementor-column elementor-col-100 elementor-top-column elementor-element elementor-element-3df5c6e\" data-id=\"3df5c6e\" data-element_type=\"column\" data-e-type=\"column\">\n\t\t\t<div class=\"elementor-widget-wrap elementor-element-populated\">\n\t\t\t\t\t\t<div class=\"elementor-element elementor-element-26f01c6 elementor-widget elementor-widget-rt-title\" data-id=\"26f01c6\" data-element_type=\"widget\" data-e-type=\"widget\" data-widget_type=\"rt-title.default\">\n\t\t\t\t<div class=\"elementor-widget-container\">\n\t\t\t\t\t<div class=\"rt-el-title rtin-style-3\">\n\t\t<h2 class=\"rtin-title\">Popular Categories<\/h2>\n<\/div>\t\t\t\t<\/div>\n\t\t\t\t<\/div>\n\t\t\t\t\t<\/div>\n\t\t<\/div>\n\t\t\t\t\t<\/div>\n\t\t<\/section>\n\t\t\t\t<section class=\"elementor-section elementor-top-section elementor-element elementor-element-7a6b2e3 elementor-section-boxed elementor-section-height-default elementor-section-height-default\" data-id=\"7a6b2e3\" data-element_type=\"section\" data-e-type=\"section\" data-settings=\"{&quot;background_background&quot;:&quot;classic&quot;}\">\n\t\t\t\t\t\t<div class=\"elementor-container elementor-column-gap-default\">\n\t\t\t\t\t<div class=\"elementor-column elementor-col-100 elementor-top-column elementor-element elementor-element-be83cea\" data-id=\"be83cea\" data-element_type=\"column\" data-e-type=\"column\">\n\t\t\t<div class=\"elementor-widget-wrap elementor-element-populated\">\n\t\t\t\t\t\t<div class=\"elementor-element elementor-element-98ba462 elementor-widget elementor-widget-rt-title\" data-id=\"98ba462\" data-element_type=\"widget\" data-e-type=\"widget\" data-widget_type=\"rt-title.default\">\n\t\t\t\t<div class=\"elementor-widget-container\">\n\t\t\t\t\t<div class=\"rt-el-title rtin-style-3\">\n\t\t<h2 class=\"rtin-title\">Featured Ads<\/h2>\n<\/div>\t\t\t\t<\/div>\n\t\t\t\t<\/div>\n\t\t\t\t\t<\/div>\n\t\t<\/div>\n\t\t\t\t\t<\/div>\n\t\t<\/section>\n\t\t\t\t<section class=\"elementor-section elementor-top-section elementor-element elementor-element-5bd580d elementor-section-boxed elementor-section-height-default elementor-section-height-default\" data-id=\"5bd580d\" data-element_type=\"section\" data-e-type=\"section\" data-settings=\"{&quot;background_background&quot;:&quot;classic&quot;}\">\n\t\t\t\t\t\t<div class=\"elementor-container elementor-column-gap-default\">\n\t\t\t\t\t<div class=\"elementor-column elementor-col-100 elementor-top-column elementor-element elementor-element-4ade9a2\" data-id=\"4ade9a2\" data-element_type=\"column\" data-e-type=\"column\">\n\t\t\t<div class=\"elementor-widget-wrap elementor-element-populated\">\n\t\t\t\t\t\t<div class=\"elementor-element elementor-element-3c2fd22 elementor-widget elementor-widget-rt-title\" data-id=\"3c2fd22\" data-element_type=\"widget\" data-e-type=\"widget\" data-widget_type=\"rt-title.default\">\n\t\t\t\t<div class=\"elementor-widget-container\">\n\t\t\t\t\t<div class=\"rt-el-title rtin-style-3\">\n\t\t<h2 class=\"rtin-title\">Our Top Locations<\/h2>\n<\/div>\t\t\t\t<\/div>\n\t\t\t\t<\/div>\n\t\t\t\t\t<\/div>\n\t\t<\/div>\n\t\t\t\t\t<\/div>\n\t\t<\/section>\n\t\t\t\t<section class=\"elementor-section elementor-top-section elementor-element elementor-element-bfdc936 elementor-section-boxed elementor-section-height-default elementor-section-height-default\" data-id=\"bfdc936\" data-element_type=\"section\" data-e-type=\"section\" data-settings=\"{&quot;background_background&quot;:&quot;classic&quot;}\">\n\t\t\t\t\t\t<div class=\"elementor-container elementor-column-gap-default\">\n\t\t\t\t\t<div class=\"elementor-column elementor-col-33 elementor-top-column elementor-element elementor-element-baee034\" data-id=\"baee034\" data-element_type=\"column\" data-e-type=\"column\">\n\t\t\t<div class=\"elementor-widget-wrap\">\n\t\t\t\t\t\t\t<\/div>\n\t\t<\/div>\n\t\t\t\t<div class=\"elementor-column elementor-col-33 elementor-top-column elementor-element elementor-element-28e6b50\" data-id=\"28e6b50\" data-element_type=\"column\" data-e-type=\"column\">\n\t\t\t<div class=\"elementor-widget-wrap\">\n\t\t\t\t\t\t\t<\/div>\n\t\t<\/div>\n\t\t\t\t<div class=\"elementor-column elementor-col-33 elementor-top-column elementor-element elementor-element-6f316dd\" data-id=\"6f316dd\" data-element_type=\"column\" data-e-type=\"column\">\n\t\t\t<div class=\"elementor-widget-wrap\">\n\t\t\t\t\t\t\t<\/div>\n\t\t<\/div>\n\t\t\t\t\t<\/div>\n\t\t<\/section>\n\t\t\t\t<section class=\"elementor-section elementor-top-section elementor-element elementor-element-db963fc elementor-section-boxed elementor-section-height-default elementor-section-height-default\" data-id=\"db963fc\" data-element_type=\"section\" data-e-type=\"section\" data-settings=\"{&quot;background_background&quot;:&quot;classic&quot;}\">\n\t\t\t\t\t\t<div class=\"elementor-container elementor-column-gap-default\">\n\t\t\t\t\t<div class=\"elementor-column elementor-col-50 elementor-top-column elementor-element elementor-element-0647e93\" data-id=\"0647e93\" data-element_type=\"column\" data-e-type=\"column\">\n\t\t\t<div class=\"elementor-widget-wrap\">\n\t\t\t\t\t\t\t<\/div>\n\t\t<\/div>\n\t\t\t\t<div class=\"elementor-column elementor-col-50 elementor-top-column elementor-element elementor-element-35f950d\" data-id=\"35f950d\" data-element_type=\"column\" data-e-type=\"column\">\n\t\t\t<div class=\"elementor-widget-wrap\">\n\t\t\t\t\t\t\t<\/div>\n\t\t<\/div>\n\t\t\t\t\t<\/div>\n\t\t<\/section>\n\t\t\t\t<section class=\"elementor-section elementor-top-section elementor-element elementor-element-1dd71bd elementor-section-boxed elementor-section-height-default elementor-section-height-default\" data-id=\"1dd71bd\" data-element_type=\"section\" data-e-type=\"section\" data-settings=\"{&quot;background_background&quot;:&quot;classic&quot;}\">\n\t\t\t\t\t\t<div class=\"elementor-container elementor-column-gap-default\">\n\t\t\t\t\t<div class=\"elementor-column elementor-col-100 elementor-top-column elementor-element elementor-element-aa566ac\" data-id=\"aa566ac\" data-element_type=\"column\" data-e-type=\"column\">\n\t\t\t<div class=\"elementor-widget-wrap elementor-element-populated\">\n\t\t\t\t\t\t<div class=\"elementor-element elementor-element-26e962e elementor-widget elementor-widget-rt-title\" data-id=\"26e962e\" data-element_type=\"widget\" data-e-type=\"widget\" data-widget_type=\"rt-title.default\">\n\t\t\t\t<div class=\"elementor-widget-container\">\n\t\t\t\t\t<div class=\"rt-el-title rtin-style-3\">\n\t\t<h2 class=\"rtin-title\">Latest Blog Posts<\/h2>\n<\/div>\t\t\t\t<\/div>\n\t\t\t\t<\/div>\n\t\t\t\t<div class=\"elementor-element elementor-element-724fca3 elementor-widget elementor-widget-rt-post\" data-id=\"724fca3\" data-element_type=\"widget\" data-e-type=\"widget\" data-widget_type=\"rt-post.default\">\n\t\t\t\t<div class=\"elementor-widget-container\">\n\t\t\t\t\t<div class=\"rt-el-post-2\">\n\t\t\t<div class=\"row\">\n\t\t\t\t\t\t\t<div class=\"col-md-4 col-12\">\n\t\t\t\t\t<div class=\"rtin-each\">\n\t\t\t\t\t\t\t\t\t\t\t\t\t<div class=\"post-thumbnail\">\n\t\t\t\t\t\t\t\t<a href=\"https:\/\/hub.ctr-l.com\/?p=7089\"><img fetchpriority=\"high\" decoding=\"async\" width=\"450\" height=\"260\" src=\"https:\/\/hub.ctr-l.com\/wp-content\/uploads\/2021\/02\/4081-450x260.jpg\" class=\"attachment-rdtheme-size2 size-rdtheme-size2 wp-post-image\" alt=\"\" \/><\/a>\n\t\t\t\t\t\t\t<\/div>\n\t\t\t\t\t\t\n\t\t\t\t\t\t<div class=\"rtin-content-area\">\n\t\t\t\t\t\t\t<ul class=\"post-meta\">\n\t\t\t\t\t\t\t\t<li>\u015eubat 10, 2021<\/li>\n\t\t\t\t\t\t\t\t\t\t\t\t\t\t\t\t\t<li> \/ <a href=\"https:\/\/hub.ctr-l.com\/?author=1\" title=\"hubctrl taraf\u0131ndan yaz\u0131lan yaz\u0131lar\" rel=\"author\">hubctrl<\/a><\/li>\n\t\t\t\t\t\t\t\t\t\t\t\t\t\t\t<\/ul>\n\t\t\t\t\t\t\t<h3 class=\"post-title\"><a href=\"https:\/\/hub.ctr-l.com\/?p=7089\">Idaho Top Categories<\/a><\/h3>\n\t\t\t\t\t\t<\/div>\n\n\t\t\t\t\t<\/div>\n\t\t\t\t<\/div>\n\t\t\t\t\t\t\t<div class=\"col-md-4 col-12\">\n\t\t\t\t\t<div class=\"rtin-each\">\n\t\t\t\t\t\t\t\t\t\t\t\t\t<div class=\"post-thumbnail\">\n\t\t\t\t\t\t\t\t<a href=\"https:\/\/hub.ctr-l.com\/?p=7087\"><img fetchpriority=\"high\" decoding=\"async\" width=\"450\" height=\"260\" src=\"https:\/\/hub.ctr-l.com\/wp-content\/uploads\/2021\/02\/4081-450x260.jpg\" class=\"attachment-rdtheme-size2 size-rdtheme-size2 wp-post-image\" alt=\"\" \/><\/a>\n\t\t\t\t\t\t\t<\/div>\n\t\t\t\t\t\t\n\t\t\t\t\t\t<div class=\"rtin-content-area\">\n\t\t\t\t\t\t\t<ul class=\"post-meta\">\n\t\t\t\t\t\t\t\t<li>\u015eubat 10, 2021<\/li>\n\t\t\t\t\t\t\t\t\t\t\t\t\t\t\t\t\t<li> \/ <a href=\"https:\/\/hub.ctr-l.com\/?author=1\" title=\"hubctrl taraf\u0131ndan yaz\u0131lan yaz\u0131lar\" rel=\"author\">hubctrl<\/a><\/li>\n\t\t\t\t\t\t\t\t\t\t\t\t\t\t\t<\/ul>\n\t\t\t\t\t\t\t<h3 class=\"post-title\"><a href=\"https:\/\/hub.ctr-l.com\/?p=7087\">Hawaii Top Categories<\/a><\/h3>\n\t\t\t\t\t\t<\/div>\n\n\t\t\t\t\t<\/div>\n\t\t\t\t<\/div>\n\t\t\t\t\t\t\t<div class=\"col-md-4 col-12\">\n\t\t\t\t\t<div class=\"rtin-each\">\n\t\t\t\t\t\t\t\t\t\t\t\t\t<div class=\"post-thumbnail\">\n\t\t\t\t\t\t\t\t<a href=\"https:\/\/hub.ctr-l.com\/?p=7085\"><img fetchpriority=\"high\" decoding=\"async\" width=\"450\" height=\"260\" src=\"https:\/\/hub.ctr-l.com\/wp-content\/uploads\/2021\/02\/4081-450x260.jpg\" class=\"attachment-rdtheme-size2 size-rdtheme-size2 wp-post-image\" alt=\"\" \/><\/a>\n\t\t\t\t\t\t\t<\/div>\n\t\t\t\t\t\t\n\t\t\t\t\t\t<div class=\"rtin-content-area\">\n\t\t\t\t\t\t\t<ul class=\"post-meta\">\n\t\t\t\t\t\t\t\t<li>\u015eubat 10, 2021<\/li>\n\t\t\t\t\t\t\t\t\t\t\t\t\t\t\t\t\t<li> \/ <a href=\"https:\/\/hub.ctr-l.com\/?author=1\" title=\"hubctrl taraf\u0131ndan yaz\u0131lan yaz\u0131lar\" rel=\"author\">hubctrl<\/a><\/li>\n\t\t\t\t\t\t\t\t\t\t\t\t\t\t\t<\/ul>\n\t\t\t\t\t\t\t<h3 class=\"post-title\"><a href=\"https:\/\/hub.ctr-l.com\/?p=7085\">Georgia Top Categories<\/a><\/h3>\n\t\t\t\t\t\t<\/div>\n\n\t\t\t\t\t<\/div>\n\t\t\t\t<\/div>\n\t\t\t\t\t<\/div>\n\t\t\n\t\t\t\t\n\t\t<\/div>\t\t\t\t<\/div>\n\t\t\t\t<\/div>\n\t\t\t\t\t<\/div>\n\t\t<\/div>\n\t\t\t\t\t<\/div>\n\t\t<\/section>\n\t\t\t\t<\/div>\n\t\t","protected":false},"excerpt":{"rendered":"<p>&nbsp; Search from over 2000+ Active Ads in 29+ Categories for Free Search Popular Categories Property 12 Ads Home Appliances 3 Ads Electronics 4 Ads Business &amp; Industry 0 Ads Education 0 Ads Hobby, Sport &amp; Kids 4 Ads Health &amp; Beauty 0 Ads Others 1 Ad Featured Ads Ohio Truck Driver 2 weeks ago &#8230;<\/p>\n","protected":false},"author":1,"featured_media":0,"parent":0,"menu_order":0,"comment_status":"closed","ping_status":"closed","template":"templates\/blank.php","meta":{"footnotes":""},"class_list":["post-767","page","type-page","status-publish","hentry"],"_links":{"self":[{"href":"https:\/\/hub.ctr-l.com\/index.php?rest_route=\/wp\/v2\/pages\/767","targetHints":{"allow":["GET"]}}],"collection":[{"href":"https:\/\/hub.ctr-l.com\/index.php?rest_route=\/wp\/v2\/pages"}],"about":[{"href":"https:\/\/hub.ctr-l.com\/index.php?rest_route=\/wp\/v2\/types\/page"}],"author":[{"embeddable":true,"href":"https:\/\/hub.ctr-l.com\/index.php?rest_route=\/wp\/v2\/users\/1"}],"replies":[{"embeddable":true,"href":"https:\/\/hub.ctr-l.com\/index.php?rest_route=%2Fwp%2Fv2%2Fcomments&post=767"}],"version-history":[{"count":0,"href":"https:\/\/hub.ctr-l.com\/index.php?rest_route=\/wp\/v2\/pages\/767\/revisions"}],"wp:attachment":[{"href":"https:\/\/hub.ctr-l.com\/index.php?rest_route=%2Fwp%2Fv2%2Fmedia&parent=767"}],"curies":[{"name":"wp","href":"https:\/\/api.w.org\/{rel}","templated":true}]}}